ppose -4*w = 5*k - 50, -w + 0*w + 4*k + 23 = 0. Suppose t - 4*h = w, -5*h = 8 + 2. Suppose t*o - 263 = 17. What is the highest common divisor of 10 and o?
10
Let w(r) = r**3 - 54*r**2 + 19*r + 334. Let z be w(54). What is the highest common divisor of 32 and z?
16
Let p be (-1604)/(-16) + (-9)/(-12). Suppose -p = -3*j + 4. Let n be (6 + -5)/((-2)/(-490)). Calculate the greatest common factor of n and j.
35
Suppose -742*b + 210*b + 25956 = 704*b. Suppose -i + 0 = 4*j + 3, j = -2*i + 1. Suppose -2*t = i - 295. Calculate the greatest common divisor of b and t.
21
Let k = -30888 + 30920. Calculate the highest common divisor of 19984 and k.
16
Let g be 2 - (1/2)/(2/(-16)). Suppose c - 112 = -g*c. Let p be (-2115)/(-12) - (-3)/(-12). What is the greatest common factor of p and c?
16
Suppose 441*o - 1727 - 25628 = -3541. Suppose -c + 2*c = 27. What is the greatest common factor of o and c?
27
Suppose -100 = 19*g - 138. Suppose 15*r - 7752 = -g*r. Calculate the highest common divisor of 24 and r.
24
Let t be -3 + (-12 + -2)*-42. Let r = 29570 - 29492. Calculate the highest common divisor of t and r.
39
Let j = -97 - -98. Let w be (19 - 2)*2*j. Calculate the greatest common factor of 34 and w.
34
Suppose t + 69 + 14 = 0. Let o = 148 + t. Let q = o + -59. What is the highest common factor of 6 and q?
6
Suppose -5*b + 19 - 8 = k, -2*k = 5*b - 7. Let q be (-7 - b) + 161 - (1 - 4). Calculate the greatest common factor of 22 and q.
22
Suppose -14 = 9*w - 16*w. Suppose -4*z - w*q + 88 = 0, -q = -2*z + 55 - 11. What is the highest common divisor of 55 and z?
11
Let c(s) = 74*s + 1501. Let g be c(-20). What is the highest common divisor of 20937 and g?
21
Let g = -5 + 10. Let v(i) = 7*i - 2. Let x be v(g). Let w be 13 - (2/(-5))/((-9)/45). What is the greatest common factor of w and x?
11
Let b = 101 + -96. Let g be 637/39 - b - 2/(-3). What is the highest common factor of g and 444?
12
Suppose -2952 = -27*d + 3023 + 24454. Calculate the greatest common divisor of d and 147.
49
Let t = -453 + 830. Let m = t - 242. Calculate the highest common factor of m and 15.
15
Let y be (3/5)/((-2)/(-10)). Suppose 0 = -2*k - 5*f - 17, 0 = y*f + 1 + 14. Let z = -693102 + 693105. What is the highest common divisor of k and z?
1
Let q = 1654 + -1633. What is the highest common divisor of q and 721?
7
Let y(a) = -6*a + 68. Let i be y(11). Let l be 1/i*(4 - -4). Calculate the highest common divisor of 62 and l.
2
Let j be 29*25/(-5)*(24/40 + -1). What is the greatest common factor of 9483 and j?
29
Suppose v + 13*l - 10*l = 1200, -4*v + 4848 = -4*l. What is the highest common factor of v and 39?
39
Suppose 11*c + 0*c = 33. Suppose 2 = 2*k - 20. Suppose -k*u = -15*u, 0 = -2*q - 3*u + 18. What is the highest common divisor of c and q?
3
Let k(h) = 4*h**2 + 36*h - 408. Let m be k(7). Calculate the greatest common divisor of 2540 and m.
20
Let c(w) = w**3 + 9*w**2 - 13*w + 123. Let t be c(-11). What is the greatest common divisor of t and 1424?
8
Let r(d) = -20*d - 62. Suppose -3*i + 37 = -3*x + 2*i, -2*x - 5*i = -17. Let n be r(x). What is the greatest common divisor of n and 15?
3
Let z(y) = 26*y - 2832. Let v be z(109). What is the highest common factor of 6438 and v?
2
Suppose 5*m = 35, 56*x - m = 53*x + 419. Calculate the greatest common factor of 2627 and x.
71
Let b(w) = 13*w**3 + w - 2. Let i be b(1). Suppose -7*k + i*k - 125 = 0. What is the highest common factor of 275 and k?
25
Suppose 141 = -16*c + 957. What is the highest common divisor of c and 4131?
51
Let q be -4 - 480/((-36)/3). Let k(h) = 4*h**3 + 2*h**2 - 6*h. Let s be k(4). What is the highest common divisor of s and q?
12
Let z = 71 + -67. Let x be -5*z/(-60)*333. Let s be 9*x/36 - 1/(-4). Calculate the highest common factor of s and 112.
28
Let u = 55 + -92. Let j = u + 27. Let o = j - -38. Calculate the highest common factor of 70 and o.
14
Let t be (-5)/((-100)/(-90))*(-64)/3. Let l = 734 - 606. Calculate the greatest common divisor of t and l.
32
Let k = 6672 + -6650. Calculate the greatest common divisor of 3839 and k.
11
Suppose 0 = 2*l - 4*p - 72, 4*p + 152 = 3*l + 50. What is the highest common factor of l and 160?
10
Let g be ((-1*16)/(-2))/((-364)/(-8918)). Calculate the greatest common divisor of g and 1316.
28
Let y = -6 - -17. Suppose 18 = 3*a - 3*j, -5*j - 20 = -3*a - 10. Suppose -12 - a = -z. Calculate the highest common factor of z and y.
11
Let m(j) be the second derivative of 14/3*j**3 + 1/6*j**4 + 0 - 24*j + 10*j**2. Let b be m(-14). Calculate the highest common divisor of 60 and b.
20
Let m = 5 - -7. Let s(v) = 6 - 37*v - m - 11. Let i be s(-5). Calculate the highest common divisor of i and 21.
21
Suppose 0 = 10*y - 46 - 44. Let p = 48 + y. Calculate the highest common factor of 57 and p.
57
Suppose -5*k + 110 = 5*c, -k + 11*c - 13*c + 19 = 0. Calculate the highest common divisor of 775 and k.
25
Let d(y) = 5*y**2 + 93*y + 45. Let w be d(-21). What is the highest common divisor of 162 and w?
27
Let f(m) = 2*m**2 + 3*m - 1. Let b be f(2). Let a = -144 + 146. Suppose -a*q + 71 = -111. Calculate the highest common factor of q and b.
13
Let x = -196 - -199. Suppose 0*j - 930 = -x*j. Calculate the highest common factor of 10 and j.
10
Suppose -5*g - i = -3902, -32 + 1584 = 2*g - 4*i. What is the highest common factor of g and 18?
6
Let p be (-846)/(-4)*22/(-297)*-9. Let n(i) = 17 + 6*i - 5*i - 12*i. Let o be n(-7). Calculate the highest common factor of p and o.
47
Suppose 5*c + 22 = -o + 142, 120 = 5*c - 4*o. Suppose i - 302 - 201 = -3*d, -d - i + 167 = 0. Calculate the highest common divisor of d and c.
24
Suppose -52*i - 42726 + 140746 = -21060. Calculate the highest common factor of i and 20.
10
Suppose 22 = -5*t + 16*t. Let o be (-8)/(-3) - (-4)/12. What is the highest common divisor of t and o?
1
Let v(h) = -h**2 + h + 95. Let x be v(0). Let w = -17074 + 17112. Calculate the highest common divisor of x and w.
19
Let s(q) = 460*q**2 - 18*q - 52. Let v be s(-2). What is the greatest common divisor of 384 and v?
96
Let p = -1449 + 4846. Calculate the greatest common factor of p and 86.
43
Let h be (-2 - 0)/((-20)/(-12) - 1). Let m be -2*(-12 - h - 5). Calculate the greatest common factor of 308 and m.
28
Suppose 169*p - 6851 - 9315 = -3322. Let x be (25/10)/(2/76). What is the greatest common divisor of x and p?
19
Let p(w) = w**3 + 5*w**2 - 6*w. Let o be p(-6). Suppose q + 130 = -o*q. Let u = q - -195. What is the highest common factor of 26 and u?
13
Let p = -234 + 277. Suppose -p = -5*y + 2*l + 18, 69 = 5*y + 2*l. Calculate the greatest common divisor of 299 and y.
13
Let x(r) = 54*r**2 - 10*r - 11. Suppose 4*j - 2*b + 8 = 0, 2*j - 2*b + 20 = 16. Let t be x(j). What is the greatest common factor of t and 50?
25
Let u = -30 + 30. Suppose 0 = 5*q - 5*n + 605, u = 5*q - 0*q + 3*n + 613. Let r = q + 212. What is the greatest common divisor of 60 and r?
30
Let p(z) = 20*z**2 + 54*z + 30. Let t be p(-3). What is the highest common factor of 4656 and t?
48
Let v be 10/(-6*4/(-204)) + -3 + 0. Calculate the greatest common factor of 4387 and v.
41
Suppose 68*p = -u + 73*p + 221, -4*p = 36. Calculate the highest common factor of 656 and u.
16
Suppose 5*f - 95 = -5*g, 0 = 2*f + f - 3*g - 33. Calculate the greatest common factor of 288 and f.
3
Suppose 4*r + w = 375, 229*w + 75 = r + 233*w. What is the highest common factor of 125 and r?
5
Let c be (-45)/6*(-9440)/885. What is the greatest common factor of c and 16160?
80
Let i be (-22)/55 - (-2 + 56/10). Let u be ((-60)/2)/(i/10). Suppose 60 = -2*f + 4*f. Calculate the highest common divisor of f and u.
15
Suppose -4*c = -20, 4*c = -z + 3*c + 9. Suppose 52 = -0*g + z*g. Let h be 28/2 - (-2 - -3). Calculate the highest common divisor of h and g.
13
Suppose -141 = -3*i + 3*v + 237, 0 = 5*i - 2*v - 612. Let a(p) = 81*p - 1. Let q be a(1). What is the greatest common divisor of i and q?
40
Let w(o) = o**2 - 5*o + 24. Suppose -2*c + 8 = -3*q, 0 = -4*c + 2*q - q + 16. Let a be w(c). What is the highest common factor of 40 and a?
20
Suppose -2*h + 3*j + 2020 = 576, 5*h - 2*j = 3610. What is the greatest common divisor of 494 and h?
38
Suppose 0 = -5*v + 2*g + 3 + 72, -30 = -2*v + 4*g. Suppose 1188 = v*u - 3*u. Calculate the highest common divisor of 231